 and 9.
9
Suppose -9*m + 300 = -4*m. Suppose -2*u - m = 2*s, 2*s + s + 90 = u. Let c = 18 - s. What is the greatest common factor of c and 12?
12
Suppose -3*u = 0, 4*u + 15 = x + 4*x. Let z be (-1)/2 - 717/(-6). Suppose 2*h - s - z = 2*s, -h = x*s - 46. Calculate the greatest common divisor of h and 11.
11
Suppose 0 = 5*x + 4*i - 1024, 2*i + 3*i + 607 = 3*x. What is the highest common divisor of 12 and x?
12
Let t(u) = 0*u + 6 - 2*u + u. Let l be t(2). Suppose o = -5*c - 2*o + 659, -3*c + 407 = -l*o. Calculate the highest common factor of c and 19.
19
Let h(i) = -i**2 - 13. Let z be h(0). Let y = z - -15. Let o = 13 + y. What is the greatest common factor of o and 30?
15
Suppose 0 = 9*k - 14*k + 30. What is the greatest common factor of 24 and k?
6
Suppose 4*a = 17 - 1. Suppose -f + 30 = j, -136 = -2*j - 2*j + a*f. Suppose w = -w + 96. What is the greatest common divisor of j and w?
16
Let i(s) = 7*s - 9*s - 14 + 8*s - 16. Let p be i(8). What is the highest common factor of 12 and p?
6
Let t(z) = -7*z**3 + 8*z**2 + 21*z + 6. Let q be t(-6). Calculate the highest common factor of q and 80.
80
Let p = 562 + -398. Suppose 5*n = 4*d + 997 - 97, 0 = n - 4*d - p. Calculate the highest common divisor of n and 23.
23
Suppose -28 = -8*p + p. Let r(m) = m**3 - 6*m**2 + 2*m + 4. Let b be r(6). Calculate the highest common factor of p and b.
4
Let n = 63 - -193. What is the highest common divisor of 32 and n?
32
Let h = 70 + 18. What is the highest common factor of h and 11?
11
Let k(w) be the third derivative of 0 + 0*w + 1/3*w**3 + 7*w**2 + 1/60*w**5 + 1/4*w**4. Let h be k(-10). What is the greatest common divisor of 28 and h?
14
Suppose 30*o - 2487 = 1143. Calculate the greatest common divisor of 22 and o.
11
Let o(m) = -14*m**3 - m**2 + 2*m + 2. Let a be o(-3). Calculate the greatest common factor of 146 and a.
73
Let f = 156 + 338. Calculate the greatest common divisor of 38 and f.
38
Let x be (-6)/(-30)*2 - (-19064)/40. What is the greatest common divisor of 9 and x?
9
Suppose 2*c + 3*x = 7*x + 160, -4*c - 4*x + 260 = 0. Let p = -33 + 31. Let s be 33 + -4 - p/(-2). Calculate the greatest common factor of c and s.
14
Let n(b) = -12*b + 76. Let g be n(6). Suppose -g*o + 8*o = 748. What is the highest common factor of 11 and o?
11
Let c be (-270)/(-225) + (-1)/(6 + -1). What is the greatest common factor of 5 and c?
1
Let y be (100/(-15))/(6/(-9)). Suppose 9*o - 14*o = -y. Calculate the highest common factor of o and 14.
2
Suppose 0 = 3*x - 3*g - 46 - 80, 2*g - 42 = -x. Suppose 2*s + s = x. Calculate the greatest common divisor of s and 154.
14
Let b be -4 + 5 + -8 + (25 - -2). Suppose 0*l = -l + 220. Calculate the greatest common factor of l and b.
20
Suppose -5*y = -h - 1, -3*h + 2*y = -2*h - 8. Let r be h/21 - 13/(-3). Calculate the highest common divisor of r and 25.
5
Let i(g) = -g**3 - 17*g**2 - 20*g + 13. Let t = 78 + -94. Let k be i(t). Calculate the highest common factor of k and 7.
7
Let w = 864 + -859. What is the greatest common divisor of w and 215?
5
Let v be 3*((-1)/(-4) + 1532/16). Calculate the highest common factor of 32 and v.
32
Let x be (-5 + 1)*(1 + -5). Let s be x/(8/(-2)) + 29. Calculate the highest common factor of s and 10.
5
Let s be (4 + (-12)/5)/((-12)/(-90)). Calculate the greatest common factor of s and 12.
12
Let a = 15 + -13. Suppose -3*i - a*d = -7*d + 37, 5*i = -d - 15. Let j be 10/i*-2 - 0. What is the greatest common divisor of j and 20?
5
Suppose 6860 = -26*n + 13516. Let l be 16/(-6)*24/(-2). What is the greatest common divisor of n and l?
32
Let p(n) = -n**3 - 8*n**2 - 14*n - 3. Let l be p(-6). Suppose o = 4*o - l. Suppose -o*b - 12 = -4*b. Calculate the highest common factor of b and 84.
12
Let d = -3203 - -3563. Calculate the highest common divisor of 40 and d.
40
Let g(w) = -2*w**3 - 16*w**2 - 10*w - 76. Let j be g(-8). What is the highest common divisor of 68 and j?
4
Suppose h = 2*d - 4 + 23, 2*h - 2*d - 46 = 0. Calculate the greatest common factor of h and 60.
3
Let c(d) = d**2 - d - 12. Let a be c(6). Suppose a = i - 99. Calculate the greatest common divisor of 13 and i.
13
Let f = -30 - -90. Let w(j) = 11*j - 1. Let u be w(1). Suppose u = -3*n + 46. What is the greatest common divisor of n and f?
12
Suppose -106*s = -132*s + 702. Calculate the highest common divisor of 144 and s.
9
Suppose -l - 504 = -5*l. Calculate the highest common factor of 336 and l.
42
Let z(j) = 4*j - 32. Let o be (-740)/(-68) - (-2)/17. Let i be z(o). Calculate the highest common divisor of i and 108.
12
Suppose 8*c - 120 = 3*c. Suppose 14 = -i + 16. Suppose i*p + 2 = 0, 5*q - 85 = p + 4*p. Calculate the highest common divisor of c and q.
8
Let b = 76 + -39. Let r be 3 - (-1)/(1/b). What is the highest common factor of 8 and r?
8
Suppose -1047*y + 1037*y = -280. What is the greatest common divisor of y and 518?
14
Let i be -2 + (-1 + -2 - -4) - -15. Suppose -4*m = 5*j - 100, 3*m + i + 121 = 5*j. Calculate the highest common factor of j and 120.
24
Let t be 16/10 + -1 + 2088/145. Suppose t*q - 3 = 777. What is the highest common factor of q and 4?
4
Let z be 90/(-12)*132/9. Let x = z + 206. Calculate the greatest common divisor of x and 240.
48
Suppose -c + 3*c - 2 = 0, -3*w - 5*c + 167 = 0. What is the highest common factor of 27 and w?
27
Let q(n) = 4*n + n**3 - 3*n - 3 - 3*n - n + 4*n**2. Let k(p) = -p**2 - 4. Let d be k(0). Let u be q(d). Calculate the highest common factor of 9 and u.
9
Let a be (-11 - 1 - -7)*(-26)/5. Calculate the highest common factor of a and 52.
26
Let p = -482 - -502. Let v(w) = 2*w**2 - w + 2. Let h be v(2). What is the greatest common divisor of p and h?
4
Suppose 264 = 309*i - 285*i. What is the greatest common factor of 10 and i?
1
Let c(z) = -4*z + 7 + 25*z - 2 + 52*z. Let v be c(3). Suppose -3*w + 99 = 5*r, -4*r + 9*r + 41 = 2*w. What is the highest common divisor of v and w?
28
Suppose 0 = -2*s - 3*m + m - 2, -m - 13 = -2*s. Let o be 118/8 + 1/s. Calculate the greatest common factor of 5 and o.
5
Let h = 47 + -24. Let y(r) = 586*r**2 - 2*r - 1. Let z be y(-1). Suppose -5*c + z = -4*l, 2*c + 0*c - 227 = -l. Calculate the greatest common factor of h and c.
23
Suppose -4*m + 0*m = 12. Let g be (m + 0)/(-9)*18. Let d(i) = 47*i**2 + 1. Let n be d(1). What is the highest common divisor of g and n?
6
Suppose -2*p = 3*n + 1 - 31, p + 7 = 4*n. What is the highest common factor of 1 and p?
1
Let c(f) = 2*f**2 + 6 - f**3 - 3 - 1. Let p(i) = 5*i + 227. Let s be p(-45). Let z be c(s). Calculate the highest common factor of z and 1.
1
Suppose -3*o - 3 + 31 = 2*i, 2*i - 2*o = 48. Calculate the highest common divisor of i and 60.
20
Suppose 0 = 2*i + 10, -3*s - 4*i = -7 - 87. Calculate the highest common factor of s and 95.
19
Let t = 18 - 29. Let o = t - -23. Let p be 3/1 + o + 3. What is the highest common factor of 3 and p?
3
Suppose -23*z + 458 = -1129. What is the highest common factor of 345 and z?
69
Let r be (-2 + 1)*-1 + 13. Let l(x) = -x + 33. Let u be l(26). What is the highest common divisor of u and r?
7
Let p(c) = -c**2 + 4*c + 5. Let o be p(5). Let z = 13 - 7. Let b = z - o. What is the greatest common divisor of b and 4?
2
Let z(m) = 3*m + 3 + 51 - m - m. Let k be z(18). Calculate the highest common divisor of 8 and k.
8
Let n be (-1)/(-2)*(1 - -181). Suppose -5*k + 25 = 0, 0 = 15*s - 10*s - 5*k + 30. Let r be (-6)/3 - (-14 + s). What is the highest common divisor of n and r?
13
Suppose 4*n + 444 = 41*n. Calculate the highest common factor of 564 and n.
12
Suppose 0*z - 162 = -3*z. Let l = 483 + -477. Calculate the greatest common divisor of z and l.
6
Suppose -5*i - 2945 = -5*p, 2 = 3*i - i. Calculate the highest common factor of 30 and p.
10
Let x = -592 - -645. What is the highest common factor of x and 901?
53
Suppose 0 = -2*l - 4*k + 20, 23 = 2*k + 27. Suppose 0 = 5*u + 4*a - 38, 3*u - 24 = -2*a - 2. What is the greatest common factor of l and u?
2
Let s(j) = -10*j - 4. Let u be s(11). Let f = -74 - u. Calculate the highest common divisor of f and 40.
40
Let y be 8 - (-4)/((-16)/(-1036)). Calculate the highest common divisor of 356 and y.
89
Let j be ((-270)/75)/(9/(-30)). Calculate the highest common divisor of 20 and j.
4
Suppose 4*s - b = 278, 4*s - 266 = -21*b + 16*b. What is the gre